15238.
38
What is the greatest common factor of 18924 and 83?
83
What is the greatest common divisor of 128 and 248?
8
What is the highest common factor of 49 and 21?
7
What is the greatest common factor of 135 and 315?
45
What is the highest common divisor of 420 and 903?
21
What is the greatest common divisor of 48 and 452?
4
What is the highest common divisor of 3800 and 75?
25
What is the greatest common factor of 3 and 3?
3
What is the highest common divisor of 120 and 2145?
15
What is the highest common divisor of 77 and 21637?
77
What is the greatest common factor of 114 and 19722?
114
Calculate the greatest common divisor of 18 and 132.
6
Calculate the highest common factor of 323 and 38.
19
Calculate the highest common divisor of 96 and 400.
16
What is the greatest common factor of 37 and 2257?
37
Calculate the highest common factor of 300 and 1400.
100
Calculate the greatest common factor of 44 and 3223.
11
What is the greatest common divisor of 1800 and 576?
72
What is the highest common factor of 168 and 189?
21
Calculate the greatest common factor of 33 and 121.
11
What is the greatest common factor of 36 and 162?
18
Calculate the highest common factor of 837 and 1457.
31
Calculate the greatest common divisor of 196 and 245.
49
What is the highest common factor of 45 and 1035?
45
Calculate the highest common divisor of 12 and 1128.
12
What is the greatest common factor of 200 and 175?
25
Calculate the greatest common divisor of 20022 and 282.
282
What is the highest common divisor of 754 and 416?
26
Calculate the greatest common factor of 1400 and 56.
56
Calculate the highest common divisor of 142 and 639.
71
What is the greatest common factor of 9 and 594?
9
Calculate the highest common factor of 266 and 84.
14
What is the highest common divisor of 1062 and 36?
18
What is the greatest common factor of 26 and 360?
2
What is the greatest common divisor of 1246 and 28?
14
Calculate the highest common factor of 801 and 9.
9
What is the greatest common factor of 72 and 96?
24
What is the highest common factor of 253 and 11?
11
What is the greatest common factor of 60 and 31110?
30
Calculate the greatest common factor of 335 and 5.
5
What is the greatest common factor of 18024 and 12?
12
Calculate the greatest common factor of 664 and 8.
8
Calculate the highest common divisor of 814 and 44.
22
Calculate the greatest common factor of 38 and 1862.
38
What is the highest common factor of 1739 and 74?
37
What is the highest common divisor of 220 and 6424?
44
What is the highest common factor of 38 and 114?
38
Calculate the highest common divisor of 765 and 15.
15
Calculate the highest common factor of 252 and 56.
28
Calculate the highest common divisor of 3355 and 55.
55
What is the highest common factor of 270 and 60?
30
Calculate the greatest common divisor of 24 and 18.
6
Calculate the highest common factor of 387 and 4.
1
Calculate the highest common divisor of 368 and 144.
16
What is the greatest common factor of 18 and 2166?
6
What is the greatest common divisor of 119 and 17?
17
What is the greatest common factor of 177 and 18?
3
What is the greatest common divisor of 553 and 158?
79
Calculate the highest common factor of 1168 and 25988.
292
Calculate the highest common divisor of 115 and 667.
23
Calculate the greatest common factor of 6544 and 8.
8
Calculate the greatest common divisor of 20 and 110.
10
Calculate the highest common factor of 13 and 689.
13
What is the highest common divisor of 1313 and 606?
101
Calculate the highest common divisor of 2574 and 195.
39
What is the highest common divisor of 305 and 10?
5
What is the greatest common factor of 23405 and 906?
151
Calculate the greatest common divisor of 3692 and 104.
52
Calculate the highest common factor of 21 and 273.
21
What is the highest common divisor of 600 and 48?
24
Calculate the highest common factor of 20 and 90.
10
What is the highest common factor of 22 and 638?
22
Calculate the greatest common divisor of 80 and 13040.
80
What is the highest common factor of 725 and 50?
25
What is the highest common divisor of 3507 and 21?
21
Calculate the highest common factor of 14 and 2.
2
What is the greatest common factor of 14617 and 47?
47
Calculate the highest common factor of 49 and 49.
49
Calculate the highest common divisor of 185 and 20.
5
What is the highest common factor of 22 and 319?
11
What is the highest common divisor of 180 and 225?
45
Calculate the highest common factor of 285 and 15.
15
Calculate the greatest common factor of 13 and 25623.
13
Calculate the greatest common factor of 252 and 144.
36
What is the highest common factor of 19 and 115?
1
What is the highest common factor of 100 and 270?
10
Calculate the highest common factor of 26 and 8151.
13
Calculate the greatest common factor of 850 and 1105.
85
Calculate the greatest common divisor of 67 and 8777.
67
What is the greatest common factor of 3425 and 50?
25
What is the highest common divisor of 94 and 846?
94
What is the highest common divisor of 650 and 234?
26
Calculate the highest common divisor of 408 and 8058.
102
What is the highest common divisor of 1104 and 48?
48
Calculate the highest common factor of 236 and 59.
59
What is the highest common factor of 6721 and 44?
11
Calculate the highest common factor of 14331 and 51.
51
What is the highest common divisor of 14 and 105?
7
What is the greatest common divisor of 70 and 15890?
70
What is the greatest common divisor of 4475 and 537?
179
What is the greatest common divisor of 44 and 1364?
44
Calculate the greatest common divisor of 1664 and 52.
52
Calculate the greatest common divisor of 406 and 70.
14
What is the greatest common factor of 1960 and 40?
40
What is the highest common factor of 176 and 374?
22
Calculate the highest common factor of 95 and 38.
19
Calculate the highest common divisor of 714 and 28.
14
What is the greatest common factor of 1384 and 4?
4
Calculate the greatest common divisor of 1221 and 33.
33
Calculate the highest common factor of 913 and 22.
11
Calculate the greatest common divisor of 384 and 6096.
48
What is the greatest common factor of 700 and 20?
20
What is the highest common divisor of 408 and 216?
24
What is the greatest common divisor of 193 and 2?
1
Calculate the greatest common divisor of 33 and 88.
11
Calculate the highest common factor of 245 and 210.
35
Calculate the greatest common divisor of 4602 and 3422.
118
What is the highest common factor of 1521 and 2704?
169
What is the highest common divisor of 1776 and 1443?
111
Calculate the highest common divisor of 341 and 77.
11
What is the greatest common divisor of 46 and 207?
23
Calculate the highest common divisor of 154 and 16093.
77
Calculate the greatest common factor of 10 and 26.
2
Calculate the greatest common divisor of 24 and 36.
12
Calculate the highest common divisor of 68 and 153.
17
Calculate the highest common divisor of 126 and 477.
9
What is the highest common divisor of 805 and 6095?
115
What is the greatest common divisor of 392 and 16?
8
Calculate the highest common factor of 121 and 12221.
121
What is the highest common divisor of 1402 and 2?
2
Calculate the highest common divisor of 4995 and 1215.
135
What is the greatest common factor of 2890 and 30?
10
Calculate the highest common divisor of 325 and 75.
25
What is the highest common divisor of 77 and 253?
11
Calculate the highest common factor of 830 and 10.
10
What is the greatest common factor of 4144 and 6993?
259
Calculate the highest common divisor of 2772 and 594.
198
What is the highest common divisor of 17 and 47294?
17
What is the highest common divisor of 663 and 65?
13
What is the highest common divisor of 133 and 1883?
7
Calculate the greatest common divisor of 1449 and 819.
63
What is the highest common factor of 14 and 98?
14
Calculate the greatest common divisor of 119 and 5321.
17
What is the greatest common divisor of 11 and 407?
11
What is the highest common factor of 6456 and 288?
24
Calculate the highest common factor of 2 and 158.
2
Calculate the highest common divisor of 2 and 34.
2
What is the greatest common factor of 140 and 630?
70
Calculate the highest common factor of 1584 and 297.
99
What is the greatest common divisor of 50 and 950?
50
Ca